lculate the highest common divisor of 6 and v.
3
Suppose -4*b + 5*j = -295, 3*b - 71 = -2*j + 133. What is the greatest common divisor of 30 and b?
10
Let w = 27 - -1. Let g be -2 - 4*-1 - -46. Let q = w + g. Calculate the greatest common factor of q and 19.
19
Suppose -2*w + w + 3 = 0. Suppose 2*y - w*y = 2*f, -2 = 2*f. Let t be (75/y)/(3/4). Calculate the greatest common factor of t and 5.
5
Suppose c - 5*o = -7 + 66, -179 = -5*c - 4*o. Suppose 3*y + 4 = -y, -3*y = 3*a - c. What is the highest common factor of a and 28?
14
Let b = -4 - 0. Let s = 1 - b. Let k = s - 4. Calculate the highest common divisor of 1 and k.
1
Suppose 0 = -p - p + 6. Let y = -3 + p. Let t be y + -1 - (-25 - -4). What is the highest common factor of t and 20?
20
Let u(a) = 12*a**2 - 1. Let r be u(-1). What is the highest common divisor of r and 1?
1
Suppose -3*l + 2*l - 3 = 0. Let j be 10 - (3 + -3 - l). Calculate the greatest common factor of j and 70.
7
Suppose -l - 3*g = -4*g - 290, 2*l = 3*g + 584. What is the greatest common divisor of 26 and l?
26
Suppose 2*g + 28 = 4*g. Let v = 20 - g. Calculate the greatest common divisor of v and 36.
6
Let q be (0 - 2 - 0) + 1*56. What is the highest common divisor of q and 6?
6
Suppose 5*l = 459 + 41. Let o = 137 + -97. Calculate the greatest common divisor of l and o.
20
Let m be 59 + (-7)/((-21)/(-12)). What is the highest common divisor of m and 11?
11
Suppose j + j - 16 = 0. Suppose 2*f + 8 - 40 = 0. Calculate the greatest common divisor of f and j.
8
Let g(s) = -72*s - 17. Let b be g(-4). Let d(k) = -5*k**2 - 2*k + 7. Let y be d(-6). Let i = y + b. What is the greatest common factor of i and 10?
10
Let a be (-3)/9 + (-109)/(-3). Let r(b) = b**2 + 11*b + 9. Let x be r(-11). What is the greatest common factor of x and a?
9
Suppose -62 - 343 = -3*m. What is the greatest common divisor of 15 and m?
15
Let q = 174 + -102. What is the highest common divisor of q and 180?
36
Let q be ((-2)/(-4))/(16/416). Suppose q = 2*z + 7. What is the greatest common factor of 1 and z?
1
Let i be 47 - (-3 + 0)*1. Calculate the highest common factor of i and 20.
10
Let i be 2*-6*3/(-9). Suppose 43 - 223 = -i*r. Calculate the highest common factor of r and 15.
15
Suppose 4*n = v + 9, -3 = -2*n - 4*v + 15. What is the highest common divisor of n and 21?
3
Let j = -95 + 242. Calculate the greatest common divisor of 21 and j.
21
Suppose 4*r + 0 = 12. Suppose 0 = -8*g + r*g - 10. Let w be (-26)/(-6) + g/(-3). What is the highest common factor of w and 25?
5
Suppose 0 = -4*l + s - 6*s + 25, -3*l + 5 = s. Suppose l = -4*v + c + 34, 4 = 4*c + 12. Calculate the greatest common factor of 16 and v.
8
Let l(f) = f**3 + 11*f**2 + 5*f - 8. Let a be l(-10). Let m(j) = j**3 + 5*j**2 - 7*j + 8. Let c be m(-6). What is the greatest common divisor of c and a?
14
Let h be 2*15/6*2. Calculate the greatest common factor of 2 and h.
2
Let q(m) = m**3 - m**2 + 5*m - 3. Let o be q(3). Let p = 37 - -82. Let v be p/21 - 2/(-6). Calculate the highest common divisor of v and o.
6
Suppose f + 5 + 15 = 0. Let d be 3/(-2)*f/3. Calculate the greatest common factor of d and 110.
10
Let g(n) = 2*n**3 - n**2 - 2*n + 1. Let l be g(2). Suppose -2 = -u + l. Let a be ((-1)/(-2))/(1/2). Calculate the highest common factor of u and a.
1
Let a be (16/24)/((-1)/(-9)). What is the greatest common divisor of a and 6?
6
Let s(y) = y + 2. Let i be s(-4). Let k = i - -2. Suppose -o = -k*o - 55. What is the highest common factor of o and 5?
5
Let r = -19 - -13. Let z(n) = -2*n + 4. Let t be z(r). Calculate the highest common divisor of 40 and t.
8
Suppose -88 = 3*x - t, 8*x = 3*x + 4*t - 142. Suppose -5*c - 94 + 419 = 0. Let h = c + x. What is the highest common divisor of h and 14?
7
Let x be (-6)/7*(-14)/(-4)*-2. Calculate the greatest common divisor of 60 and x.
6
Let y(t) = -9*t - t**2 + 2*t**2 + 3*t + 3. Let b be y(6). Suppose 4*g - 55 = -2*p + 13, 2*g = -3*p + 42. Calculate the greatest common factor of g and b.
3
Suppose -q = -m - 11, -3*q + 18 = -2*m - 14. Let u(s) = -s. Let r be u(-5). What is the greatest common factor of q and r?
5
Let m(i) = -i**3 - 6*i**2 - 6*i + 1. Suppose -4*r = 2*z - 0*r + 10, 2*z + 10 = 3*r. Let s be m(z). Calculate the highest common divisor of s and 24.
6
Suppose -4*t + 121 = 13. Suppose -t = v - 4*v. What is the highest common divisor of v and 27?
9
Let r(z) = 27*z**2 + z. Let m be r(2). Calculate the greatest common factor of m and 22.
22
Let j be 1/1 - (-2 + 1). Suppose -7*x = -j*x - 40. Suppose -u - 9 = -4*u, 5*u = 4*s - 65. Calculate the highest common divisor of s and x.
4
Let o(c) = -c. Let s be ((-12)/15)/((-1)/(-5)). Let t be o(s). Suppose -2*x - 18 = -5*i, -2 + 14 = 4*i - t*x. Calculate the greatest common factor of i and 6.
2
Let b be 56 - 2 - 15/5. Suppose b + 14 = 5*q. What is the greatest common factor of q and 52?
13
Suppose 4*o - 27 = 513. Suppose 135 = 5*y + 2*l, -4*l = 2*y - 7*l - 54. Calculate the greatest common divisor of o and y.
27
Let x(t) = 5*t + 2. Let d(h) = -h**3 - 7*h**2 - h - 5. Let i be d(-7). Let q be x(i). Calculate the greatest common factor of q and 48.
12
Let z = -15 - -21. Calculate the highest common divisor of z and 8.
2
Suppose -4*r - r + 10 = 0. Suppose -5*k = 5*s - 10, -24 = -5*k - 3*s - 4. Suppose -k*m = -r*m - 160. Calculate the highest common divisor of 8 and m.
8
Let q be (-4 + (-24)/4)/(-2). Suppose -2*p = -4*w - q*p + 93, 0 = 5*w + 4*p - 117. What is the greatest common factor of 3 and w?
3
Suppose 2*t = 5*g - 106 - 536, -5*g - 5*t + 635 = 0. Calculate the highest common divisor of g and 32.
32
Suppose -204 = 3*a - a. Let k = 190 + a. What is the greatest common divisor of k and 8?
8
Let q = 83 + -55. Let m = q - 22. Calculate the greatest common factor of 48 and m.
6
Let a(i) = i**3 - i**2 - i + 4. Let c be a(0). Suppose -c*b = b - 50. Suppose 0 = -2*k - 4*k + 60. Calculate the highest common divisor of b and k.
10
Suppose 5*m + 0*m = 0, 2*p - 26 = 2*m. Let t = -12 + p. Calculate the greatest common divisor of t and 2.
1
Let h = -25 + 37. Suppose -j + h = 2*j. Suppose 8 = -j*d - 4, 2*z = -5*d + 29. Calculate the greatest common divisor of z and 2.
2
Let d = 118 - 70. Calculate the greatest common factor of d and 12.
12
Suppose -i + 11 - 3 = 0. Calculate the greatest common factor of 6 and i.
2
Let y = 833 + -426. What is the highest common divisor of 37 and y?
37
Suppose -19 = -9*f - 1. Calculate the highest common divisor of f and 16.
2
Let y be (1/2)/((-3)/18). Let a = y - -9. Suppose -6*c - 5*u + 157 = -3*c, 5*c - 4*u - 274 = 0. Calculate the highest common factor of a and c.
6
Let i be 3/((-6)/4) - -3. Calculate the highest common factor of i and 9.
1
Suppose -9 = 4*s + 4*f - 1, 4*f = s - 13. Let t = -24 - -35. Calculate the greatest common divisor of t and s.
1
Let w(j) = -j**2 - 19*j - 25. Let o be w(-16). Calculate the highest common divisor of 23 and o.
23
Let p = 29 - 1. Let w be 52/12 + (-2)/6. Let i be 54/4 - w/(-8). What is the greatest common divisor of p and i?
14
Let g be (50/4)/(18/252). What is the highest common factor of g and 25?
25
Let m(z) = z + 13. Suppose -2*q + 18 = -b, 5*b + 4*q = 2*q - 30. Let x be m(b). Calculate the greatest common factor of x and 15.
5
Let j be -4 + 1 - (-1 + -42). Calculate the greatest common factor of 5 and j.
5
Let p(a) = -5*a + 29. Let o be p(-5). Calculate the greatest common divisor of 6 and o.
6
Let w = 42 - -38. Calculate the greatest common factor of w and 20.
20
Let a(d) = 2*d**2 + 10*d. Let i be a(-8). Let n(g) = 13*g**2 - 1. Let k be n(1). What is the greatest common divisor of i and k?
12
Let z(c) be the first derivative of -3 + 4*c**2 + 2 + 0. Let s be z(1). What is the greatest common factor of s and 56?
8
Let u(r) = 10*r + 2. Let m be u(9). What is the highest common divisor of m and 230?
46
Let l = -96 + 126. What is the highest common divisor of l and 10?
10
Let m(s) = 18*s**2 + 3*s - 6. Let b be m(3). Calculate the highest common divisor of b and 15.
15
Let x be (-30)/(-50) - (-7)/5. Suppose x*o - 2*l = 24, -3*l + 12 = o + 2*l. Calculate the greatest common divisor of 48 and o.
12
Let x = -49 + 97. Calculate the highest common divisor of x and 16.
16
Suppose -3*n + 9 = -15. Calculate the greatest common factor of 24 and n.
8
Let c be ((